
False
Let p be (6/4)/(18/34344). Suppose -2*o - 6*k = -2*k - p, 0 = -2*o - 3*k + 2858. Is o prime?
True
Is (-2)/(-6 - -8) - -14150 - 8 a prime number?
False
Let z be 2 + 46 + -1 + 5. Suppose -z*b + 7826 = -45*b. Suppose b + 4608 = 14*l. Is l a composite number?
False
Let u(d) = 36*d + 16. Let a be u(-7). Let w = a - -719. Let g = w - 232. Is g a composite number?
False
Suppose -49*q - 4804981 + 4158020 + 16709014 = 0. Is q a composite number?
False
Suppose -5*x = -2543 - 1892. Let n = -280 + x. Suppose c - n - 314 = 0. Is c composite?
True
Let r(g) = 4*g**2 + 2*g - 3. Let t(n) = 7*n**2 + 5*n - 6. Let i(v) = 11*r(v) - 6*t(v). Let k be i(10). Let z = k + -1. Is z a prime number?
False
Suppose -13 = -10*d + 47. Is (7 - d)*(2524 - -9) prime?
False
Let a(w) = -w**2 + 11*w + 66. Let u be a(15). Suppose 0 = -u*h + 15570 + 10668. Is h composite?
False
Suppose -g - 2*h - 2 = 0, 4*h - 2 = -17*g + 14*g. Is g/33 - (715512/44)/(-2) a prime number?
False
Suppose -4*w + 146 = 2*q, -w + 54 = -2*q - q. Let z = 43 - w. Suppose 5*u - 4207 = -f + 2774, -z*u - f + 5584 = 0. Is u a composite number?
True
Is 162/(-567) - (2/(-8) + (-854344)/224) a composite number?
True
Let a(k) be the second derivative of k**6/120 - k**4/3 - 11*k**3/6 - 15*k**2/2 + 13*k. Let u(c) be the first derivative of a(c). Is u(8) composite?
True
Suppose 160320 = 7*p + 21173 - 95052. Is p prime?
True
Let q(d) = 33*d**2 + 12*d + 11. Let f be (5 - 8) + -5 + 4. Is q(f) prime?
True
Let j be (-21)/9*-3*-1. Let x be (j/14 + 0 + 1)*8. Suppose -x + 0 = m, 3*h - 1611 = -3*m. Is h a composite number?
False
Let p(s) = -556*s + 15. Let v(i) = -556*i + 15. Let a(j) = 6*p(j) - 7*v(j). Let o = -255 + 257. Is a(o) composite?
False
Suppose 166*t = 164*t. Suppose 2*p + 116476 = 4*u, 4*u - p + 9666 - 126138 = t. Is u prime?
False
Let u(o) = 5*o**3 + 45*o**2 - 137*o + 82. Is u(31) a prime number?
False
Let r be ((-15)/9)/(5/15) + 20576. Suppose 10332 = k - 5*p, 4*k - 61784 + r = -3*p. Is k a composite number?
True
Let k(i) = -6*i**2 + 33*i - 6. Let a be k(8). Let l = -108 - a. Let r = l - -593. Is r a composite number?
True
Suppose 5*o = 2*h - 33, 0*o + 8 = -3*h - 4*o. Suppose h*m = 5*v + 32, 4*m - 11 = -2*v + 21. Is 18/(-12) + 1636/m prime?
False
Let j = 59662 - 31323. Suppose 157629 - j = 14*t. Is t a composite number?
True
Suppose 173*w + 102*w = 9*w + 9357614. Is w a composite number?
True
Let r(a) = -12443*a - 90. Is r(-31) prime?
False
Let l be (0 + (-4)/(-12))*10*3. Let r be (-14)/5 - -3 - (-28)/l. Is ((-2157)/9)/((-1)/r) composite?
False
Let g be 7 + 3 + -5 + 0. Suppose g*f - 2*z = 38817, -3*z - 23291 = -3*f - 2*z. Is f composite?
True
Let p(s) = 981*s - 272. Is p(7) a composite number?
True
Suppose 13 = -3*h + 46. Suppose 4*k - 16 = j, 3*k - 2*j - h + 4 = 0. Suppose -k*q + 436 + 234 = 0. Is q composite?
True
Let b(u) = 503*u**2 + 64*u + 281. Is b(-48) a prime number?
True
Suppose -2*x = 4*d - 1086, -2186 = -4*x - 5*d + 4*d. Let v = -56 + x. Is v + -3 + 1 + 4 prime?
False
Let y(g) = -312*g**3 - 5*g**2 - 61*g - 617. Is y(-17) prime?
False
Suppose -312149 = -3*a - h, -312145 = -138*a + 135*a - 2*h. Is a composite?
True
Suppose 5*b = 12*b - 72142. Let v = -5523 + b. Is v composite?
False
Let f(p) = -p**3 - 10*p**2 - 22*p. Let t be f(-7). Suppose 4*m = t*m + 2*a - 19843, 0 = 2*a - 4. Is m prime?
False
Let q(o) = -o**3 - 8*o**2 - 6*o + 13. Let t be q(-7). Let z(m) = m**2 - 8*m + 13. Let a be z(t). Is (5388/18 - -3)/(a/3) composite?
False
Suppose -3*k + 4*s = -21149, -k + 5*s + 5692 + 1387 = 0. Is k prime?
True
Let t(d) = 56*d**2 + 2157*d - 142. Is t(-79) prime?
True
Let p = 6 - 7. Let l be p*22*12/(-24). Is (301/(-3))/(l/(-33)) a prime number?
False
Suppose 0 = -b - a + 4858, 0 = -3*b - 2*b - a + 24290. Is ((-12)/(-8))/(3/b) prime?
False
Let o be (-14 - -3)/(2/(-2)). Suppose -o*l - 6 = -12*l. Is 5612/12 + (-4)/l a composite number?
False
Suppose 3*d - 3*x + 6*x - 7347 = 0, 3*d + 2*x = 7346. Suppose -5*j = -d - 552. Suppose 0 = q + a - 621, -4*a + j = q - 15. Is q a prime number?
False
Suppose 91 - 247 = 4*x. Let h = x + 35. Let y(o) = -134*o + 5. Is y(h) composite?
False
Let z = -104102 - -157263. Is z a composite number?
False
Suppose 16*j + 47865 = 21*j. Let m = j - 4616. Suppose 5*h - m - 6133 = 0. Is h prime?
False
Let y = -47 + 60. Suppose y*m - 12 = 9*m. Suppose -u = 5*l - 61, -4*l - l = -m*u + 223. Is u prime?
True
Let o be (-372)/(-5) - (-3)/5. Suppose -5 = 2*u - 3*w, u - 3*w = -4*u + 1. Is (3 - o/2)/((-1)/u) a composite number?
True
Let r be 392/(-160)*-5 + (-1)/4. Suppose 4*q = 7*q + 5*f - 53364, -r = -4*f. Is q a composite number?
False
Let k(s) = -53*s - 144. Let f(v) = 18*v + 49. Let j(y) = 7*f(y) + 2*k(y). Is j(12) composite?
True
Suppose 271*l - c + 237964 = 272*l, -5 = -c. Is l prime?
True
Suppose 549*g = 552*g - 18. Is 13/(91/1064) + g a prime number?
False
Suppose -5*l + 27776 = -f, l + 5560 = 2*l + f. Let i = -3258 + l. Suppose -2*t + a + i = 0, -1822 = -4*t + 4*a + 2766. Is t composite?
False
Let l(d) = -d**3 - 62*d**2 + 316*d + 5. Let z be l(6). Suppose -2*x - r - 4*r + 8496 = 0, 0 = -x - 5*r + 4258. Let y = x + z. Is y prime?
True
Let f be (0/(-1))/(2*1). Let p = f - -48. Let b = p + 39. Is b prime?
False
Let q(c) = 2 - 4 + c**3 + 19*c + 4*c**2 - 23*c. Suppose 3*z = -2*d + 23, 0*d - 3*d = -12. Is q(z) prime?
False
Let g be (0 + 0)*(-1)/3. Suppose -12 = 2*l + 2*j, g = -l + 2*l - 3*j - 10. Is (-1)/(l/1542)*1 a prime number?
False
Let j(w) = -1873*w - 159. Let t be j(-15). Suppose 21*z = 46803 + t. Is z a composite number?
False
Suppose -120 + 309 = -3*m. Let n = 218 + m. Suppose n = 3*v - 2*v. Is v a prime number?
False
Suppose -58*g = -138*g + 34298480. Is g prime?
True
Let q = 154089 + -57792. Is q a composite number?
True
Suppose 8 = 2*d, 4*b + 15 = 5*b + 2*d. Is (138626/(-4) - (b + -10))*-2 composite?
True
Suppose 0 = -5*f + 5*l - 75, -4*l - 66 = 3*f + 2*f. Let m = -20528 - 3122. Is m/f + (-10)/35 a prime number?
False
Suppose -8190 = -7*j + 12*j - 3*o, 3*j + 3*o = -4914. Let n = 3385 + j. Is n prime?
True
Let f(s) = -s**3 - 5*s**2 + 2*s - 20. Let n be f(-6). Suppose 25930 = n*m - 5*t + 5167, -2*m - 5*t = -10419. Is m a composite number?
False
Suppose 5 = 27*k - 31*k + 5*b, 4*k = -5*b + 5. Suppose -5*q + 2*w + 14763 = 0, q + 4*w + 0*w - 2935 = k. Is q a prime number?
False
Suppose g - 10*g - 7263 = 0. Let h = g - -1186. Is h composite?
False
Suppose 1469*u = -1452*u + 2902*u + 1013593. Is u composite?
True
Let l be (-58)/(-2) - (-12)/3. Is (22/l)/(2/24441) composite?
False
Let l(s) = 2*s + 17. Let v(a) = 2*a + 16. Let c(n) = 5*l(n) - 6*v(n). Let p be c(-7). Is (2 - 3)/(9/p)*-10779 a composite number?
False
Let b = 2046 - -9775. Is b prime?
True
Suppose 138*s = -24*s - 133*s + 8644385. Is s prime?
True
Suppose -2*b + 10 = -4. Suppose -b*i = -9*i + 8. Is i/(-10) + 1914/10 prime?
True
Let d = -266 - -273. Let c(w) = 27*w**3 + 2*w**2 - 5*w + 11. Is c(d) a composite number?
True
Let p(m) = 22612*m - 345. Is p(1) a composite number?
True
Let a = 136 - 134. Is (a + 36757/(-2))/((-3)/2) composite?
False
Suppose 568*j + 148709 = 5*m + 572*j, 0 = 3*m - 2*j - 89221. Is m prime?
True
Let s be 2 + 10 + (0 - -1) + -5. Is (417366/216)/(2/s) composite?
True
Let y(k) = -3*k - 1. Let f be y(-1). Let o(x) = -3*x**3 - 3*x**2 + 12*x + 11. Let j be o(-4). Suppose 0 = -m - 3*z - z + j, -4*m + 498 = f*z. Is m prime?
True
Let g = 60 + -1251. Let f = 3346 + g. Is f prime?
False
Suppose 5*k = -94 - 1231. Let h be -3 + 13 + 778 - (-5 + 1). Let j = k + h. Is j composite?
True
Let u = -47 + 50. Let v(z) = -u - 4 + 3*z + 5. Is v(3) composite?
False
Let i = 807 + 193. Let u = -98 + i. Let b = u - 421. Is b prime?
False
Let v(i) = i**2 - 6*i + 10. Let z be v(4). Suppose 4 + 4 = 2*h - 4*x, 0 = z*h - x - 14. Let f(s) = 12*s**2 - 5*s + 23. Is f(h) prime?
True
Suppose -9132 + 57157 = 5*q + 5*t, -4*q = 5*t - 38414. Is q a composite number?
True
Let b(y) = 178*y - 47. Suppose -u + 7 = -8*d + 5*d, 3*u = -5*d - 7. Let q be (d/4)/(((-44)/(-168))/(-11)). Is b(q) a composite number?
False
Suppose -5*b - 70 = 5*b. Let r be 85/((21/45)/b). Is 9/6 + r/(-6) composite?
True
Suppose 2*j = v - 128809, -2*v + 27*j + 257618 = 26*j. Is v a composite number?
True
Let z be (45896/(-12))/(4/(-6)) - 4. Let j = 814 + z. Is j prime?
True
